4) in base 14?
19d
6 (base 7) to base 15
6
-2 (base 3) to base 7
-2
Convert -23 (base 12) to base 13.
-21
Convert 10 (base 9) to base 4.
21
Convert -3a (base 15) to base 16.
-37
-8 (base 15) to base 12
-8
-191 (base 10) to base 9
-232
Convert -29 (base 14) to base 15.
-27
2042 (base 5) to base 13
17c
4 (base 10) to base 6
4
What is -61 (base 7) in base 2?
-101011
Convert 15 (base 7) to base 3.
110
Convert 4 (base 7) to base 6.
4
3 (base 9) to base 5
3
What is 13 (base 7) in base 4?
22
-a (base 12) to base 8
-12
What is -144 (base 7) in base 2?
-1010001
-3 (base 16) to base 9
-3
20201 (base 3) to base 2
10110101
-6 (base 15) to base 12
-6
Convert 1 (base 10) to base 7.
1
What is 30 (base 8) in base 6?
40
Convert -8 (base 10) to base 15.
-8
Convert 1 (base 11) to base 4.
1
What is -87 (base 10) in base 4?
-1113
What is 101 (base 2) in base 4?
11
What is -2 (base 9) in base 16?
-2
13 (base 8) to base 5
21
Convert 11 (base 7) to base 16.
8
What is -100 (base 2) in base 12?
-4
What is 56 (base 8) in base 15?
31
What is -4 (base 12) in base 9?
-4
Convert 8 (base 13) to base 6.
12
What is -23 (base 6) in base 2?
-1111
3 (base 8) to base 12
3
What is -96 (base 12) in base 3?
-11020
-121 (base 6) to base 7
-100
What is 28 (base 11) in base 4?
132
What is -8 (base 11) in base 6?
-12
What is -1100 (base 4) in base 2?
-1010000
Convert 10 (base 3) to base 16.
3
-23 (base 11) to base 14
-1b
What is 32 (base 4) in base 2?
1110
Convert -3 (base 11) to base 8.
-3
Convert -21 (base 4) to base 13.
-9
-11 (base 5) to base 4
-12
Convert 1 (base 12) to base 14.
1
What is 10 (base 2) in base 4?
2
What is -51 (base 13) in base 10?
-66
94 (base 11) to base 16
67
11001111 (base 2) to base 11
179
-1 (base 6) to base 15
-1
What is 0 (base 3) in base 2?
0
Convert 312 (base 8) to base 16.
ca
-1 (base 11) to base 13
-1
75 (base 16) to base 9
140
Convert -8 (base 9) to base 16.
-8
Convert 2 (base 11) to base 2.
10
3b (base 15) to base 11
51
Convert -b0 (base 16) to base 14.
-c8
Convert -24 (base 6) to base 3.
-121
-10 (base 5) to base 2
-101
Convert -1 (base 14) to base 12.
-1
What is -15 (base 6) in base 12?
-b
What is 20 (base 3) in base 2?
110
Convert -77 (base 12) to base 3.
-10101
What is -212 (base 3) in base 11?
-21
236 (base 10) to base 9
282
What is -52 (base 7) in base 11?
-34
2 (base 13) to base 11
2
What is 1 (base 15) in base 3?
1
-5 (base 16) to base 7
-5
What is -3 (base 8) in base 3?
-10
Convert 100 (base 8) to base 14.
48
2 (base 15) to base 4
2
What is -112 (base 6) in base 14?
-32
-1 (base 15) to base 3
-1
What is -2 (base 16) in base 5?
-2
Convert 21 (base 8) to base 12.
15
Convert -1221 (base 3) to base 15.
-37
Convert -332 (base 6) to base 5.
-1003
Convert -13 (base 4) to base 12.
-7
What is 1 (base 11) in base 6?
1
148 (base 10) to base 5
1043
What is -7 (base 16) in base 7?
-10
-33 (base 12) to base 15
-29
Convert -3 (base 11) to base 9.
-3
What is -189 (base 12) in base 9?
-306
What is 1 (base 6) in base 9?
1
Convert -6c (base 13) to base 16.
-5a
9 (base 16) to base 8
11
-9 (base 16) to base 15
-9
What is 120 (base 4) in base 9?
26
Convert -1221 (base 3) to base 11.
-48
31 (base 6) to base 12
17
Convert -2 (base 10) to base 14.
-2
What is -21 (base 4) in base 2?
-1001
What is 1 (base 2) in base 6?
1
What is 27 (base 8) in base 2?
10111
-3213 (base 4) to base 9
-276
Convert 22 (base 7) to base 15.
11
Convert -193 (base 12) to base 6.
-1103
What is 3 (base 16) in base 10?
3
Convert 3 (base 14) to base 7.
3
What is -1 (base 10) in base 15?
-1
-113 (base 7) to base 9
-65
What is -20 (base 8) in base 4?
-100
-2 (base 5) to base 3
-2
Convert 505 (base 6) to base 7.
353
What is 100100 (base 2) in base 14?
28
What is -1 (base 2) in base 6?
-1
Convert -30 (base 13) to base 7.
-54
Convert -1000 (base 3) to base 8.
-33
What is -8 (base 15) in base 16?
-8
-8 (base 14) to base 15
-8
Convert -1 (base 4) to base 8.
-1
Convert 115 (base 6) to base 2.
101111
What is 2 (base 5) in base 14?
2
Convert 2 (base 13) to base 10.
2
34 (base 15) to base 10
49
What is 4 (base 13) in base 6?
4
0 (base 8) to base 16
0
156 (base 16) to base 11
291
-1 (base 16) to base 9
-1
Convert -126 (base 8) to base 9.
-105
Convert 7 (base 16) to base 12.
7
What is -31 (base 14) in base 15?
-2d
Convert 10 (base 6) to base 5.
11
Convert 310 (base 6) to base 7.
222
-16 (base 12) to base 3
-200
What is -4 (base 15) in base 5?
-4
Convert -336 (base 9) to base 4.
-10110
-1 (base 11) to base 8
-1
41 (base 5) to base 12
19
What is 100 (base 2) in base 3?
11
4 (base 9) to base 6
4
What is 1 (base 13) in base 11?
1
What is 127 (base 8) in base 4?
1113
What is 2 (base 13) in base 16?
2
What is -1 (base 14) in base 12?
-1
Convert -401 (base 8) to base 14.
-145
Convert 4 (base 12) to base 9.
4
What is -10 (base 6) in base 15?
-6
What is -100001 (base 2) in base 5?
-113
Convert 2 (base 6) to base 10.
2
Convert 5 (base 9) to base 3.
12
Convert 5 (base 14) to base 16.
5
What is 7 (base 16) in base 13?
7
What is -100010 (base 2) in base 5?
-114
1 (base 16) to base 11
1
-2 (base 14) to base 9
-2
What is 1 (base 7) in base 6?
1
5 (base 12) to base 16
5
Convert 4 (base 15) to base 9.
4
Convert 2 (base 13) to base 15.
2
Convert -223 (base 6) to base 13.
-69
What is 9 (base 15) in base 16?
9
What is -1200 (base 5) in base 12?
-127
Convert 201 (base 4) to base 10.
33
12 (base 5) to base 8
7
Convert -1 (base 4) to base 16.
-1
21 (base 12) to base 5
100
Convert c1 (base 14) to base 12.
121
Convert 2 (base 14) to base 16.
2
Convert -1 (base 9) to base 15.
-1
What is 201 (base 3) in base 8?
23
What is 123 (base 4) in base 6?
43
What is 9 (base 10) in base 8?
11
Convert 20 (base 6) to base 13.
c
Convert 1 (base 9) to base 4.
1
Convert 10 (base 4) to base 13.
4
What is -122 (base 14) in base 12?
-16a
-10 (base 10) to base 6
-14
-1 (base 16) to base 3
-1
What is -1110 (base 3) in base 10?
-39
Convert 1 (base 15) to base 14.
1
1 (base 13) to base 5
1
332 (base 5) to base 11
84
0 (base 10) to base 5
0
Convert -a3 (base 11) to base 7.
-221
-1 (base 3) to base 4
-1
Convert 1 (base 11) to base 10.
1
What is 25 (base 11) in base 6?
43
Convert 1020 (base 3) to base 15.
23
-2e (base 16) to base 4
-232
What is 20 (base 3) in base 15?
6
What is -9 (base 16) in base 12?
-9
What is -1e (base 15) in base 3?
-1002
20 (base 4) to base 8
10
Convert 1 (base 9) to base 8.
1
Convert 34 (base 10) to base 3.
1021
Convert 2 (base 5) to base 14.
2
What is -3 (base 15) in base 10?
-3
What is -1 (base 15) in base 13?
-1
20001 (base 3) to base 6
431
Convert 6 (base 11) to base 9.
6
1003 (base 4) to base 7
124
-6 (base 15) to base 7
-6
-2 (base 3) to base 7
-2
Convert -3 (base 16) to base 6.
-3
What is 73 (base 15) in base 11?
99
-1 (base 2) to base 5
-1
What is 3 (base 10) in base 11?
3
What is -3 (base 9) in base 4?
-3
21 (base 3) to base 4
13
Convert -1 (base 12) to base 10.
-1
Convert 0 (base 12) to base 4.
0
-15 (base 15) to base 7
-26
1 (base 6) to base 5
1
Convert -4 (base 11) to base 2.
-100
What is -1 (base 9) in base 7?
-1
Convert 1111 (base 3) to base 4.
220
-4 (base 6) to base 3
-11
What is -2 (base 8) in base 12?
-2
What is -54 (base 11) in base 16?
-3b
Convert 2 (base 13) to base 15.
2
90 (base 10) to base 3
10100
-2 (base 5) to base 13
-2
Convert 0 (base 11) to base 9.
0
-1001001 (base 2) to base 5
-243
What is 1 (base 14) in base 13?
1
Convert 32 (base 11) to base 16.
23
What is 32 (base 10) in base 12?
28
What is 4 (base 14) in base 15?
4
-22 (base 3) to base 9
-8
Convert 138 (base 10) to base 6.
350
What is 39 (base 15) in base 6?
130
-102 (base 5) to base 14
-1d
What is 11 (base 5) in base 4?
12
Convert -3 (base 11) to base 15.
-3
Convert 1 (base 3) to base 12.
1
-12d (base 16) to base 9
-364
What is 0 (base 7) in base 13?
0
What is 3 (base 13) in base 11?
3
284 (base 10) to base 14
164
-34 (base 12) to base 2
-101000
Convert 13 (base 5) to base 10.
8
-4 (base 10) to base 11
-4
0 (base 3) to base 13
0
Convert 100000 (base 2) to base 10.
32
What is 13 (base 11) in base 15?
e
-413 (base 8) to base 9
-326
0 (base 12) to base 5
0
Convert -1102 (base 3) to base 12.
-32
What is 6 (base 9) in base 2?
110
3 (base 13) to base 15
3
-20 (base 8) to base 15
-11
-19 (base 10) to base 4
-103
Convert 7f (base 16) to base 12.
a7
Convert -13